 - 46. What is the highest common divisor of w and k?
43
Let i = 1602 + -1587. Suppose 5*j - 3*j = 270. Calculate the highest common divisor of i and j.
15
Let m = 1 + 197. Calculate the highest common factor of 264 and m.
66
Let w be 45/(-21)*-7*1*63. Calculate the greatest common factor of 15 and w.
15
Let a = -19 - -44. Suppose -4*f + 46 = -0*v + v, 0 = -4*v - f + 199. Calculate the greatest common divisor of a and v.
25
Suppose -5*r + 1063 = -4*p, -18 = r - 5*p - 218. What is the highest common factor of 86 and r?
43
Let z = 387 - 655. Let v = z + 448. What is the greatest common factor of v and 20?
20
Let a be (-2)/6 + 7462/246. Calculate the highest common factor of a and 60.
30
Let i(y) = -y**3 - 19*y**2 + 11*y + 14. Let w be i(-20). What is the greatest common divisor of w and 679?
97
Let k be 16/8 + 0/2. Suppose 4*r + 2 + k = 0. Let c = 29 - r. Calculate the greatest common factor of 75 and c.
15
Let s(d) = 108*d**3 + 2*d - 2. Let c be s(1). Calculate the highest common factor of c and 96.
12
Suppose -4*p - 4*w = -5*w - 16, -5*p + 17 = -2*w. Suppose p = -6*m + 17. What is the highest common factor of 10 and m?
2
Suppose -9*a + 1365 = -4*a. Let b = a + -185. What is the highest common factor of 11 and b?
11
Let g be ((-6435)/396)/((-1)/8). Calculate the highest common factor of g and 1755.
65
Let f(t) = 66*t - 120*t - 62 + 61*t. Let r be f(20). Calculate the greatest common factor of 12 and r.
6
Suppose k - 4 = w, 2*k - 2*w = w + 4. Suppose k*n - 54 = 6*n. Calculate the highest common divisor of n and 189.
27
Let w(r) = r + 8. Suppose -2*k - 78 = -8*k. Let g be w(k). Let s(a) = 56*a. Let o be s(3). What is the highest common factor of g and o?
21
Let a be (13 - 7)/((-4)/(-22)). Calculate the highest common divisor of a and 18.
3
Let r = 13 + -12. Let a = r + 2. Suppose u + 4 = 0, a*z = -z - 3*u + 404. Calculate the highest common factor of 13 and z.
13
Let k be 2 + -1*(-3 + 2). Let z be 20*2*(16 - k - 0). What is the greatest common divisor of 52 and z?
52
Let b(x) = x**2 + 1. Let p be b(-1). Suppose -q - p*y + 34 = 0, 0*q + 2*q - 76 = -2*y. Calculate the highest common divisor of 105 and q.
21
Suppose -3*c - 8 = -38. Suppose -16*b = -c*b - 252. What is the highest common divisor of b and 105?
21
Suppose -14*t + 205 - 37 = 0. What is the highest common factor of t and 936?
12
Let z(p) = 28*p - 3. Let s be z(1). Let r = s - 4. Suppose -5*h - j = -950, -403 = -4*h + 2*h - 5*j. What is the highest common divisor of h and r?
21
Suppose 32*m + 17*m = 8575. Calculate the highest common factor of 10 and m.
5
Let a be -6*-3*20/15. What is the greatest common divisor of 312 and a?
24
Suppose -2*s = 7*c + 220 - 1217, 0 = -5*s - 5*c + 2480. Let a be (-10)/(-4)*6*3. Calculate the greatest common factor of a and s.
45
Let z be (-2)/(-3) - 40/(-12). Let o = -15 + z. Let w be 2 + (0 - 2 - o). What is the greatest common divisor of 33 and w?
11
Let j be 3/(-5) - (-759)/15. Calculate the greatest common factor of 175 and j.
25
Suppose 14*n + 12 = 8*n. Let w = 56 + n. Calculate the highest common divisor of 36 and w.
18
Let v = 13 - 5. Let p be 20/v + (-1)/2. Let y be (6 + 2)*(-1)/(-8)*2. Calculate the greatest common divisor of y and p.
2
Suppose -3*f + 0*f + 9 = 0. Let d(c) = -3*c - 1 - 2 + 2*c + 13*c. Let o be d(f). Calculate the greatest common divisor of 33 and o.
33
Let w(a) be the third derivative of -a**5/30 + 5*a**4/12 - 7*a**3/3 - 10*a**2. Let n be w(6). Let y = -18 - n. Calculate the highest common factor of y and 40.
8
Let n(x) = 7*x**2 + x + 2. Let h be n(-1). Let v = -64 + 72. What is the greatest common factor of h and v?
8
Suppose 0 = -4*m - 99 + 495. Suppose 1 = 4*v + p, -v + 1 = -5*v + p. Suppose v = -3*r + 22 + 77. Calculate the greatest common factor of r and m.
33
Let z(t) = t**3 + t + 326. Let w be z(0). Let o = w + -183. Let g(j) = 3*j**2 + 2*j - 3. Let q be g(2). What is the highest common divisor of o and q?
13
Let w = 0 - -9. Suppose -22 = 4*o + 2*g, -2*g - 3 = -g. Let t be 5 + (-9)/(9/o). What is the highest common factor of w and t?
9
Let u be (-3)/(-6 + (-69)/(-9) + -2). Let q = -149 + 212. What is the greatest common factor of u and q?
9
Let o be 30/12*98/5. Calculate the greatest common divisor of o and 343.
49
Let n(y) = 58*y**2 + 13*y + 13. Let s be n(-1). Calculate the highest common divisor of 1856 and s.
58
Suppose -5*n - 3*c = -57, -6 = 2*n - 5*c - 4. Suppose -3*q = -2*q - n. Let g = q - 1. Calculate the highest common factor of 24 and g.
8
Let w be -1 - (-6)/(18/4 - 3). Let d = w - -6. Calculate the highest common divisor of d and 9.
9
Suppose n - 1 = -5, -3*n - 12 = -5*c. Suppose -53 = -4*h - 2*q + 245, c = h + q - 77. What is the greatest common factor of 9 and h?
9
Let r = 215 + -211. What is the greatest common divisor of r and 408?
4
Let q(z) = -30*z**2 + 4*z - 2. Let w be q(2). Let j = 67 - w. Let g = 335 - j. Calculate the highest common factor of 14 and g.
14
Suppose 5*r + 3*r = 32. Suppose f = -4*f + 15, 0 = -q + r*f + 25. What is the highest common factor of q and 333?
37
Suppose -3*p = p - 112. Let t(x) = x**2 - 3*x + 2. Let u be t(-5). What is the greatest common divisor of p and u?
14
Let m(l) = 19*l**3 - 5*l**2 - 2*l. Let y be m(4). What is the greatest common factor of y and 24?
24
Suppose -2*r - 5*l = -74, 5*r + l = -40 + 202. Suppose 3*s - r = 2*s. Let x = 28 - 12. What is the highest common divisor of s and x?
16
Let j be (-24651)/(-561) + (-3)/(-51). Calculate the greatest common factor of 704 and j.
44
Suppose x + 2*i = 23, 5*i = 2*x - 15 - 4. What is the greatest common factor of 289 and x?
17
Let t be (66/15 + -4)/(4/500). What is the highest common divisor of t and 850?
50
Let f = -319 - -223. Let q = f + 118. Let k(r) = 4*r**2 - 2*r. Let l be k(-5). Calculate the highest common factor of l and q.
22
Let g be 1559 + 9/(81/99). What is the highest common factor of g and 10?
10
Let s(q) = -q**3 - 22*q**2 - q - 17. Let h be s(-22). Let m be 1 - (3 + 84/(-2)). Calculate the greatest common divisor of m and h.
5
Let m(w) = -w - 3. Let x be m(-7). Let t(b) = b**3 - 7*b**2 + 10*b - 7. Let f be t(6). Let s be f + -4 - 4 - 3. Calculate the greatest common factor of s and x.
2
Let v = 9 - 7. Let z(y) = 27*y + 2. Let q be z(v). Suppose s + j = -0*j + 16, -q = -3*s + j. Calculate the highest common divisor of 144 and s.
18
Let c be (312/(-18) - -3)*-6 - 2. Calculate the greatest common divisor of c and 70.
14
Let h = -268 - -304. Calculate the highest common divisor of 36 and h.
36
Let v be 422/5 - 4/50*5. Calculate the greatest common factor of v and 126.
42
Suppose -26 = 5*u - 41. Suppose 5*b - 225 = -u*w, -217 = -2*b - 2*b + 5*w. Suppose -2*h - 2*h + 64 = 0. What is the highest common factor of h and b?
16
Suppose 0 = -8*u + 580 + 524. Let x be (-1)/(1/51)*(-46)/u. What is the highest common factor of x and 17?
17
Let q(t) = 39*t - 93. Let z be q(5). Calculate the greatest common divisor of 1632 and z.
102
Let r be (1 - -5)/(-45 + 46). What is the highest common factor of 6 and r?
6
Suppose 2080 = 2*g - 4*v, -g - 41*v + 1035 = -44*v. Calculate the highest common factor of 315 and g.
105
Suppose -4*n = -h - 875, -89 = -n - 2*h + 141. Calculate the greatest common divisor of n and 260.
20
Suppose -x = -2*x + 2. Suppose -i + 40 = -5*z, -2*i + x*z + 65 = 7*z. Let l be (-14)/i - (-484)/10. What is the greatest common divisor of 6 and l?
6
Let x be 4845/153 + (-2)/(-6). What is the highest common factor of 96 and x?
32
Let z(s) = -s + 7. Let w be z(7). Let h = -30 - w. Let x = h - -34. Calculate the greatest common factor of x and 32.
4
Suppose -36*o = -48*o + 24. What is the greatest common divisor of o and 22?
2
Suppose -3*t - t - 76 = -2*s, -182 = -4*s - 2*t. Suppose 3*y + s = 134. What is the highest common factor of y and 5?
5
Let l(j) = -2*j - 17. Let r be l(-11). Suppose -r*f + 42 = 3*x, -5*x + 3*f + 62 + 42 = 0. What is the greatest common factor of 57 and x?
19
Let s be -5*(-4 - 44/(-10)). Let j be 1/s*-4 - (-1 + -3). Calculate the highest common factor of j and 2.
2
Let l = 283 + -196. What is the greatest common factor of l and 58?
29
Suppose 7*k = 3*f + 6*k - 4069, 4079 = 3*f + 4*k. What is the highest common divisor of 59 and f?
59
Let i be 4 + 4 - 9 - -47. What is the highest common diviso